8 and 1759536.
108
What is the greatest common factor of 20519828 and 28?
28
Calculate the greatest common divisor of 2778 and 206910.
6
What is the greatest common factor of 332807 and 17419187?
3431
What is the greatest common divisor of 1124 and 108725644?
1124
Calculate the greatest common factor of 3589 and 53598126.
3589
Calculate the greatest common factor of 8330 and 1378360.
170
Calculate the greatest common factor of 696199 and 1731961.
1897
What is the highest common factor of 993933744 and 201?
201
What is the highest common factor of 2004615 and 5685?
15
What is the highest common factor of 38166704 and 8?
8
Calculate the highest common factor of 9030969 and 695.
139
Calculate the highest common divisor of 27417 and 726180.
741
What is the highest common factor of 200256072 and 48?
24
What is the highest common factor of 18182937 and 800316?
6063
Calculate the highest common factor of 2032528 and 2800.
16
What is the greatest common factor of 96 and 930480?
48
Calculate the highest common factor of 528212 and 14840848.
6364
Calculate the greatest common factor of 3098330 and 665.
95
What is the highest common divisor of 3421 and 3678653?
11
What is the greatest common divisor of 207 and 40496373?
9
Calculate the highest common factor of 123201524 and 161.
23
What is the highest common factor of 232 and 271056881?
29
What is the highest common factor of 5912 and 961580888?
5912
What is the greatest common divisor of 1125535372 and 104?
52
Calculate the greatest common divisor of 237234681 and 3.
3
Calculate the highest common divisor of 942143 and 7.
1
What is the greatest common divisor of 45 and 3376105?
5
Calculate the greatest common divisor of 118844 and 553705.
2701
What is the highest common factor of 2876892 and 806388?
1788
What is the greatest common divisor of 1768519 and 157263?
2759
What is the greatest common factor of 146 and 250339046?
146
What is the highest common divisor of 42 and 5446182?
42
Calculate the greatest common factor of 10544 and 59229602.
1318
Calculate the highest common factor of 52992756 and 36.
36
Calculate the greatest common divisor of 20 and 21326790.
10
Calculate the highest common factor of 54888233 and 951.
317
What is the highest common factor of 100 and 319407260?
20
What is the greatest common divisor of 263279588 and 4252?
4252
Calculate the highest common divisor of 98786404 and 596.
596
What is the greatest common divisor of 119 and 4152012?
17
Calculate the highest common factor of 28018124 and 452.
452
Calculate the greatest common factor of 53 and 35730268.
53
Calculate the greatest common factor of 144895 and 6655.
5
What is the highest common divisor of 1118685 and 89913?
2091
Calculate the highest common divisor of 10438575 and 649.
59
Calculate the highest common factor of 2451 and 242478.
57
Calculate the greatest common divisor of 387229 and 2841856.
653
What is the highest common factor of 138276900 and 1800?
900
Calculate the highest common factor of 201336250 and 2350.
2350
What is the highest common factor of 65055 and 180255?
15
What is the greatest common divisor of 1771 and 2629?
11
What is the highest common factor of 61125828 and 12?
12
What is the greatest common divisor of 59125851 and 2943?
981
What is the highest common divisor of 202809 and 42411?
201
What is the highest common factor of 8311162 and 5735?
1147
What is the highest common divisor of 2579521 and 81577?
2813
What is the greatest common divisor of 100854 and 2106?
234
What is the highest common divisor of 294275 and 395000?
1975
What is the greatest common divisor of 663 and 883524?
51
What is the highest common factor of 110 and 960498?
22
What is the greatest common divisor of 14477885 and 4945?
215
Calculate the greatest common factor of 14626279 and 587.
587
What is the greatest common divisor of 13086963 and 1233?
9
Calculate the greatest common factor of 640 and 974048.
32
What is the highest common factor of 204762473 and 1?
1
What is the highest common divisor of 23907381 and 886?
443
What is the highest common divisor of 4607941 and 77597?
1651
What is the greatest common divisor of 134804 and 112292?
268
Calculate the greatest common factor of 28776 and 70632.
2616
What is the greatest common divisor of 785137818 and 1086?
1086
What is the greatest common factor of 16 and 194725808?
16
What is the highest common divisor of 39227616 and 160?
32
What is the highest common divisor of 237826056 and 408?
408
What is the highest common factor of 1976236 and 21166?
1114
Calculate the highest common divisor of 592486224 and 1584.
528
Calculate the highest common factor of 3456 and 151741728.
864
Calculate the greatest common divisor of 6492618 and 27.
9
What is the highest common divisor of 842860 and 40?
20
Calculate the greatest common divisor of 47379464 and 3344.
1672
Calculate the highest common factor of 1004698960 and 480.
80
What is the highest common factor of 5589 and 64638?
243
What is the greatest common factor of 370881 and 22932?
441
Calculate the highest common divisor of 15493240 and 168.
56
Calculate the greatest common factor of 15756994 and 47872.
374
Calculate the greatest common factor of 51075 and 1497519.
2043
Calculate the highest common divisor of 10665495 and 630.
45
Calculate the highest common factor of 18229274 and 336.
14
Calculate the greatest common factor of 9381 and 28937046.
159
What is the greatest common factor of 72276 and 11879484?
228
Calculate the highest common factor of 2560 and 257120.
160
What is the highest common divisor of 261450 and 456666?
3486
What is the greatest common divisor of 301 and 1913242?
43
Calculate the greatest common divisor of 3918377170 and 20.
10
Calculate the highest common factor of 124 and 72615113.
31
Calculate the highest common factor of 17445850 and 2650.
50
What is the highest common factor of 15181 and 41857?
19
What is the greatest common factor of 36049387 and 22?
11
What is the highest common divisor of 61553450 and 161?
7
Calculate the greatest common divisor of 1208 and 17649031.
151
Calculate the greatest common factor of 385 and 273966.
77
What is the highest common factor of 1163804250 and 300?
150
What is the highest common divisor of 732186 and 88655?
1043
Calculate the highest common divisor of 37458 and 514.
2
Calculate the highest common divisor of 55074 and 4821186.
402
Calculate the highest common divisor of 1273900 and 8.
4
Calculate the greatest common divisor of 699538812 and 2436.
2436
Calculate the greatest common divisor of 157112 and 778672.
328
What is the greatest common divisor of 60798335 and 65?
65
What is the greatest common factor of 266007093 and 33?
33
Calculate the greatest common factor of 21667384 and 80.
8
Calculate the highest common factor of 252753 and 5377878.
519
Calculate the highest common factor of 84387 and 236039.
1223
What is the highest common divisor of 5695558 and 1628?
814
Calculate the greatest common divisor of 3473 and 91082898.
3473
Calculate the highest common divisor of 3948 and 15918.
42
What is the highest common factor of 10690 and 35850?
10
Calculate the greatest common divisor of 1917042 and 48.
6
What is the greatest common divisor of 82016 and 148368?
176
Calculate the greatest common factor of 2289 and 8510502.
2289
What is the greatest common divisor of 12 and 12396928?
4
What is the greatest common divisor of 1959415 and 67?
67
What is the highest common divisor of 64547834 and 2678?
2678
What is the highest common factor of 32947309 and 219759?
2363
What is the greatest common factor of 84 and 91739529?
21
Calculate the highest common factor of 157658660 and 22928.
5732
Calculate the highest common factor of 9161294 and 4.
2
What is the highest common divisor of 56 and 13284243?
7
What is the highest common divisor of 25 and 29595575?
25
Calculate the greatest common divisor of 300464 and 1050.
2
What is the greatest common factor of 219 and 1109116448?
73
What is the greatest common factor of 110889937 and 479?
479
Calculate the highest common factor of 82580132 and 16.
4
What is the highest common factor of 31665 and 14175?
15
Calculate the greatest common divisor of 34653050 and 275.
25
Calculate the greatest common divisor of 46 and 691426.
46
Calc